Let o be s(-5). Let j(t) = t - 9. Let b be j(o). Calculate q(b).
9
Let d = -4 - -8. Let x be 0 + (2 - 1)*d. Let i(p) = 3*p + 9. Let j(z) = -8*z - 27. Let u(w) = -11*i(w) - 4*j(w). Calculate u(x).
5
Let v = -1 - -2. Let w(y) = -y - 5*y**2 + 35922 - 35922. Determine w(v).
-6
Let p(j) = -3*j**2 + 7*j - 4. Let l(q) = -q + 6. Let a be l(5). Let k(c) = -2*c**2 - 2*c**2 + 8*c + a - 4. Let i(u) = 2*k(u) - 3*p(u). Calculate i(5).
6
Suppose 9*c - 2 = 8*c. Let s(x) = 1 - x - 7*x**c - 6*x + 5*x. Give s(1).
-8
Let d = 33/2 - 16. Let p(s) be the first derivative of s - 3 + d*s**2 + 1/3*s**3. What is p(2)?
7
Let w(t) = -t**2 + t + 3. Suppose 7*p - 2*p = 20. Suppose 0 = 5*g + 3*k + 38, -4*g + 6*k - 24 = 2*k. Let m = g + p. Calculate w(m).
-9
Let z = 42 - 24. Suppose 4*h + z = 2. Let t(p) be the third derivative of -p**4/8 - p**3/2 + p**2. Give t(h).
9
Suppose -3*u - 104 = -4*g + 2*u, -104 = -4*g - 5*u. Let o = 38 - g. Suppose 3*x = -x + o. Let a(c) = 3*c - 3. Determine a(x).
6
Let i(t) = t - 7. Let g = 8 - 1. Calculate i(g).
0
Let s = -9 + 10. Let l(r) = -13*r**2. Calculate l(s).
-13
Let v be -4 - -8 - 8 - -10. Let l(y) = y**2 - 6*y + 1. Determine l(v).
1
Suppose 2*g + 0 = 3*y + 7, -5*y = -2*g + 5. Let t be -1 + 3 - (1 - y). Let r(q) = -3*q + 3 - 4 + t*q. Determine r(2).
-3
Let g(c) = 3*c - 3*c**2 + 3 + 3 - 2*c**3 + c**3. Give g(-4).
10
Suppose 2*s - p - 19 = -4, 0 = s - 2*p - 6. Let q(w) = w + 1. Let o(m) = 3*m - 8. Let a(h) = o(h) - 2*q(h). Give a(s).
-2
Let h = 81 + -83. Let i(z) = -z**2 - 3*z - 1. Give i(h).
1
Let v = 22 + -17. Suppose 0 = 5*b - 0*a + a, v*b = a. Let x(k) = k + 11. What is x(b)?
11
Suppose -3*u + u + 2 = 0. Let m(d) = -3*d + 2*d + 40 - 41. Determine m(u).
-2
Let m(c) = -c + 2*c - 4*c - c**2 - 10 - 6*c. What is m(-7)?
4
Let v(o) = -o**2 - 6*o - 4. Let n(f) = f. Let c(y) = -3*n(y) - v(y). Let a be c(-3). Let r(x) = -x**2 + 7*x - 1. Give r(a).
11
Let s(m) = -6*m + 198 - 2*m**2 + m**3 + 3*m - 195. What is s(2)?
-3
Let w(q) = q**2 - 1. Let f(a) = 3*a**2 + 5*a + 2. Let r(j) = -f(j) + 2*w(j). Calculate r(-4).
0
Let j(i) = i - 1. Suppose -8*a + 14*a = 0. Give j(a).
-1
Let a(q) = -q**2 + 5*q - 1. Suppose -5*c = c - 36. Give a(c).
-7
Let h(x) = x + 6. Let r be -9*((-22)/(-6) - 3). Give h(r).
0
Let x = 15 + -12. Let p(q) = 1 + x + 4*q - 5. Calculate p(1).
3
Suppose 10 = 10*c - 10. Let g(k) = 4*k + 1. Calculate g(c).
9
Let y(c) be the second derivative of -c**4/12 + 2*c**3/3 + c**2/2 - 5*c. Give y(5).
-4
Let z(f) be the third derivative of -f**5/60 + f**3/3 + 3*f**2. Suppose 2*j - p = 11, 2*j - 16 = j + 4*p. Suppose j*o = -o. Determine z(o).
2
Let o be -2*3/4*(-24)/(-9). Let z(n) = -n. Calculate z(o).
4
Let w(q) = -q**3 - 3*q**2 + 4*q + 1. Let r be -2 + 0 + -1 + 5. Let a be (r + 0)*-3 + 2. Calculate w(a).
1
Let o(k) = -k**2 - k + 1. Suppose -8*s = -11*s. Determine o(s).
1
Let z = -6 - -1. Let v = 8 + z. Let h(p) = -3*p**2 - 3*p + p**3 + 5*p + 3 + 0*p. Calculate h(v).
9
Suppose 0*g - 3*g = -3. Let j(k) = 2. Let u = 10 - 8. Let v(l) = -l - 1. Let i(h) = u*v(h) + j(h). Give i(g).
-2
Let k(y) = -y - 1. Let c = -3 - -3. Suppose 3*f - 2*f + 5 = c. Give k(f).
4
Suppose -3*h - 8 = -5*h. Let m(v) = -16*v - 7*v + 21*v. What is m(h)?
-8
Let r(z) be the third derivative of 0*z - 1/24*z**4 + 0 + 2*z**2 - 1/6*z**3. Calculate r(-3).
2
Let a(j) be the first derivative of 2*j**2 - j - 10. Let l(t) = -1. Let f(i) = a(i) - 4*l(i). What is f(3)?
15
Let v be 0 + 5/((-15)/(-27)). Let i be (-145)/45 - (-2)/v. Let h(a) = -2*a - 1. Determine h(i).
5
Let k(g) be the second derivative of -5*g**3/6 - 3*g**2 - 16*g. What is k(-4)?
14
Let f(x) be the first derivative of x**3/3 + 2*x**2 + 6*x + 24. What is f(-4)?
6
Suppose p = 4*a + 14, 2*p = 3*p + a + 1. Let u(f) be the third derivative of 1/24*f**4 + 0 + 0*f + 3/2*f**3 + 2*f**p. Determine u(0).
9
Suppose -4*s + 4 = -12. Let b(j) = 2*j**2 - 2*j + 3. Let x(p) = 2*p**2 - 3*p + 2. Let v(f) = 2*b(f) - 3*x(f). What is v(s)?
-12
Let y(z) = -2*z**2. Let q(v) = -3*v**3 + 3*v + 2. Let u be q(-1). What is y(u)?
-8
Let x(u) = u**2 - u. Let q(h) = 5*h**2 - 13*h - 5. Let s(w) = -q(w) + 6*x(w). What is s(-4)?
-7
Let n(s) = -6 - 4 + 6*s + 3. Let i(c) = -3*c - 27. Let f(m) = -m - 13. Let r(x) = -13*f(x) + 6*i(x). Let v(h) = -4*n(h) - 5*r(h). What is v(0)?
-7
Suppose -3*w + 9 = -4*w. Let g be (-6)/w*15/(-2). Let q(d) = d**2 + 4*d - 2. What is q(g)?
3
Suppose 22*o - 18*o + 8 = 0. Let u(s) = -s**2 - 2*s + 1. What is u(o)?
1
Let m(s) = -10*s**2 + s - 13. Let d(v) = 7*v**2 + 9. Let z(w) = 7*d(w) + 5*m(w). Give z(5).
-2
Suppose 0 = 4*s + 4*d - 3*d - 21, 3*s - 32 = -4*d. Let f(m) = 2*m**2 + m + 6. Let u(c) = c**2 + 2*c + 5. Let i(r) = -2*f(r) + 3*u(r). Give i(s).
3
Let a(l) = -l**2 - 4*l - 1 - 4*l + 5*l. Let j(d) = 6*d + 11*d**3 + 4*d**2 - 5 - 6*d**2 + 9*d**2 - 10*d**3. Let p be j(-6). Give a(p).
-11
Let n(b) = 3*b**3 + b**2 - 1. Let h be (-39)/(-33) + 6/(-33). Give n(h).
3
Let a(b) be the second derivative of -b**3/3 + 9*b**2/2 + 55*b. Give a(7).
-5
Let k(v) be the second derivative of -v**2 + 1/12*v**4 - 3*v + 0 + 1/6*v**3. Calculate k(3).
10
Let l be -1 + 0 - (13 - 10). Let n(k) = -k + 4. Determine n(l).
8
Let b(r) = r**3 - 6*r**2 + 7*r - 6. Suppose 4*m + 0*m = -n + 64, 67 = 3*m - 4*n. Suppose -m*d + 18*d = 5. What is b(d)?
4
Let s(l) = l**3 - 3*l**2 - 3. Suppose -n = -3*n + 18. Suppose 30 - 3 = -5*i + 3*z, -2*z + 10 = -2*i. Let a = i + n. What is s(a)?
-3
Let h(w) = 33 - w - 9 - w**2 - 15. Calculate h(0).
9
Let x(r) = -r**3 + 4*r**2 + 4*r + 7. Let b be 28/(-8)*(-50)/35. Determine x(b).
2
Suppose -15 = 2*b + 3*b. Let k(p) = -p**3 - p**2 - 2. Give k(b).
16
Let m(y) = y**3 + 4*y**2 + 3*y + 3. Let i be m(-3). Let h be -1*i/(-6)*2. Let q(a) = 9*a**2 - 2*a + 1. Determine q(h).
8
Let o be (5 + 1)/3 + 2. Let x(v) = 3*v**2 + 9*v - 3. Let j(n) = -5*n**2 - 17*n + 5. Let i(p) = o*j(p) + 7*x(p). Let y = 9 + -3. What is i(y)?
5
Let r(z) be the second derivative of z**8/6720 - z**7/504 - z**6/360 - z**5/120 - z**4/4 + 8*z. Let x(t) be the third derivative of r(t). Give x(5).
-11
Let y(r) = r**3 - 8*r**2 - r + 11. Let d be y(8). Let i(j) = -j**2 - j + 1. Let s(t) = 4 - 4*t**2 + 4 - 2 - 9*t. Let c(k) = 5*i(k) - s(k). What is c(d)?
2
Let l(u) = -6*u**3 + 2*u**2 + 7*u + 6. Let a(m) = 5*m**3 - m**2 - 6*m - 5. Let x(o) = 7*a(o) + 6*l(o). Suppose 0*d = -5*d - z + 26, -4*z + 9 = d. Give x(d).
1
Let g(f) be the second derivative of -f**4/12 - 5*f**3/6 + 5*f**2/2 + 14*f. What is g(-6)?
-1
Suppose -4*p + 8 = b, 3*p + 0 = -b + 6. Let l(m) = -3*m + 2. Give l(p).
-4
Let u(a) be the third derivative of a**5/60 - a**4/6 + 5*a**3/6 - 2*a**2 - 19*a. What is u(4)?
5
Let h(w) = -3*w + 28. Let b be h(11). Let g(l) = l**2 + 4*l - 2. Give g(b).
3
Let q(t) = t**3 - 2. Let o be q(0). Let g(n) = 2*n + 4 - 4 - 5. Let c(z) = -1. Let h(v) = -4*c(v) + g(v). What is h(o)?
-5
Let x(l) = l - 1. Let f = 7 + -12. Let j = f - -9. What is x(j)?
3
Let r(d) = -16*d**2 - 5*d - 66. Let b(h) = -3*h**2 - h - 13. Let m(y) = -11*b(y) + 2*r(y). What is m(0)?
11
Let c(n) = -n**3 + 2*n**2 + n - 1. Let y = -6 + 1. Let o(j) = -j - 2. Let v be o(y). Determine c(v).
-7
Let v(n) = n**3 - n**2 - 1. Let i = 12 - 14. Let a(j) = 2*j**3 - 2*j**2 - 1. Let u(s) = i*a(s) + 3*v(s). Determine u(0).
-1
Let w(p) = 0*p**3 + 5*p**2 - 9*p**2 - p + 0*p**3 + 2*p**3. Calculate w(3).
15
Suppose -k - 8 = -2*b, -4*k = 7 + 1. Suppose -c - 2 = -5. Let l(m) = 5 - 5 - 3 + 5*m - c*m. What is l(b)?
3
Let v(l) be the second derivative of -l**4/12 - 4*l**3/3 + 4*l**2 - 9*l. Determine v(-9).
-1
Let k be 4/(-6) + (-10)/(-6). Let s(g) = 2 + 8*g**2 + 0 - k. Calculate s(1).
9
Let x(j) be the first derivative of 2 + 1/12*j**4 + j**2 + 2*j - 1/3*j**3. Let c(d) be the first derivative of x(d). What is c(2)?
2
Let p(d) = -3*d + 1. Let m be p(-1). Let u = -3 - -3. Let l(c) = u - 3 - 2*c + 4 + c. Determine l(m).
-3
Let y(q) = 2*q**2 - 1. Let j be 12/4 + -5 - 0. Calculate y(j).
7
Let g(j) = j + 11. Let o be g(-12). Let d(y) = -5*y**2 - y - 1. What is d(o)?
-5
Let z(w) = 4 + w + 2 - 4 - 4. What is z(1)?
-1
Let g(c) be the third derivative of -c**4/8 - c**3/2 - 9*c**2. Give g(3).
-12
Let h(b) = -b**3 + 8*b**2 + 8*b + 9. Suppose 10*g - 9*g - 9 = 0. What is h(g)?
0
Let h be 4/(-6) + (-5)/(-3). Suppose -4*m = -7 - h. Let r(w) = -w + w**2 + 3*w - 2*w**m. C